{"id":434,"date":"2024-12-12T13:37:19","date_gmt":"2024-12-12T12:37:19","guid":{"rendered":"http:\/\/www.latroupelegendes.com\/?page_id=434"},"modified":"2024-12-12T15:55:02","modified_gmt":"2024-12-12T14:55:02","slug":"spectacle-2023-lions","status":"publish","type":"page","link":"https:\/\/www.latroupelegendes.com\/index.php\/spectacle-2023-lions\/","title":{"rendered":"Spectacle 2023 &#8211; Lions"},"content":{"rendered":"\n<p><br>Une ambiance de savane, un m\u00e9lange de sonorit\u00e9s africaines, une mise en sc\u00e8ne po\u00e9tique. Un message de paix et de libert\u00e9. Une mise en sc\u00e8ne de costumes noirs, simple et de robes drap\u00e9es, aux impressionnants maquillages de f\u00e9lins tr\u00e8s artistiques. Un vrai tableau vivant. Son originalit\u00e9, sa mise en sc\u00e8ne po\u00e9tique, un v\u00e9ritable tableau vivant. Le public a admir\u00e9 les maquillages tr\u00e8s artistiques et s&#8217;est laiss\u00e9 aller au rythme et au vent de la savane.<\/p>\n\n\n\n<p><\/p>\n\n\n\n<figure class=\"wp-block-gallery has-nested-images columns-default is-cropped wp-block-gallery-1 is-layout-flex wp-block-gallery-is-layout-flex\">\n<figure class=\"wp-block-image size-large\"><img loading=\"lazy\" decoding=\"async\" width=\"768\" height=\"1024\" data-id=\"439\" src=\"http:\/\/www.latroupelegendes.com\/wp-content\/uploads\/2024\/12\/IMG-20230422-WA0019-768x1024.jpg\" alt=\"\" class=\"wp-image-439\" srcset=\"https:\/\/www.latroupelegendes.com\/wp-content\/uploads\/2024\/12\/IMG-20230422-WA0019-768x1024.jpg 768w, https:\/\/www.latroupelegendes.com\/wp-content\/uploads\/2024\/12\/IMG-20230422-WA0019-225x300.jpg 225w, https:\/\/www.latroupelegendes.com\/wp-content\/uploads\/2024\/12\/IMG-20230422-WA0019-1152x1536.jpg 1152w, https:\/\/www.latroupelegendes.com\/wp-content\/uploads\/2024\/12\/IMG-20230422-WA0019.jpg 1200w\" sizes=\"auto, (max-width: 768px) 100vw, 768px\" \/><\/figure>\n\n\n\n<figure class=\"wp-block-image size-large\"><img loading=\"lazy\" decoding=\"async\" width=\"768\" height=\"1024\" data-id=\"437\" src=\"http:\/\/www.latroupelegendes.com\/wp-content\/uploads\/2024\/12\/IMG-20230422-WA0020-768x1024.jpg\" alt=\"\" class=\"wp-image-437\" srcset=\"https:\/\/www.latroupelegendes.com\/wp-content\/uploads\/2024\/12\/IMG-20230422-WA0020-768x1024.jpg 768w, https:\/\/www.latroupelegendes.com\/wp-content\/uploads\/2024\/12\/IMG-20230422-WA0020-225x300.jpg 225w, https:\/\/www.latroupelegendes.com\/wp-content\/uploads\/2024\/12\/IMG-20230422-WA0020-1152x1536.jpg 1152w, https:\/\/www.latroupelegendes.com\/wp-content\/uploads\/2024\/12\/IMG-20230422-WA0020.jpg 1200w\" sizes=\"auto, (max-width: 768px) 100vw, 768px\" \/><\/figure>\n\n\n\n<figure class=\"wp-block-image size-large\"><img loading=\"lazy\" decoding=\"async\" width=\"768\" height=\"1024\" data-id=\"436\" src=\"http:\/\/www.latroupelegendes.com\/wp-content\/uploads\/2024\/12\/IMG-20230422-WA0021-768x1024.jpg\" alt=\"\" class=\"wp-image-436\" srcset=\"https:\/\/www.latroupelegendes.com\/wp-content\/uploads\/2024\/12\/IMG-20230422-WA0021-768x1024.jpg 768w, https:\/\/www.latroupelegendes.com\/wp-content\/uploads\/2024\/12\/IMG-20230422-WA0021-225x300.jpg 225w, https:\/\/www.latroupelegendes.com\/wp-content\/uploads\/2024\/12\/IMG-20230422-WA0021-1152x1536.jpg 1152w, https:\/\/www.latroupelegendes.com\/wp-content\/uploads\/2024\/12\/IMG-20230422-WA0021.jpg 1200w\" sizes=\"auto, (max-width: 768px) 100vw, 768px\" \/><\/figure>\n\n\n\n<figure class=\"wp-block-image size-large\"><img loading=\"lazy\" decoding=\"async\" width=\"768\" height=\"1024\" data-id=\"435\" src=\"http:\/\/www.latroupelegendes.com\/wp-content\/uploads\/2024\/12\/IMG-20230422-WA0030-1-768x1024.jpg\" alt=\"\" class=\"wp-image-435\" srcset=\"https:\/\/www.latroupelegendes.com\/wp-content\/uploads\/2024\/12\/IMG-20230422-WA0030-1-768x1024.jpg 768w, https:\/\/www.latroupelegendes.com\/wp-content\/uploads\/2024\/12\/IMG-20230422-WA0030-1-225x300.jpg 225w, https:\/\/www.latroupelegendes.com\/wp-content\/uploads\/2024\/12\/IMG-20230422-WA0030-1-1152x1536.jpg 1152w, https:\/\/www.latroupelegendes.com\/wp-content\/uploads\/2024\/12\/IMG-20230422-WA0030-1.jpg 1200w\" sizes=\"auto, (max-width: 768px) 100vw, 768px\" \/><\/figure>\n\n\n\n<figure class=\"wp-block-image size-large\"><img loading=\"lazy\" decoding=\"async\" width=\"1024\" height=\"768\" data-id=\"440\" src=\"http:\/\/www.latroupelegendes.com\/wp-content\/uploads\/2024\/12\/IMG-20230422-WA0031-1024x768.jpg\" alt=\"\" class=\"wp-image-440\" srcset=\"https:\/\/www.latroupelegendes.com\/wp-content\/uploads\/2024\/12\/IMG-20230422-WA0031-1024x768.jpg 1024w, https:\/\/www.latroupelegendes.com\/wp-content\/uploads\/2024\/12\/IMG-20230422-WA0031-300x225.jpg 300w, https:\/\/www.latroupelegendes.com\/wp-content\/uploads\/2024\/12\/IMG-20230422-WA0031-768x576.jpg 768w, https:\/\/www.latroupelegendes.com\/wp-content\/uploads\/2024\/12\/IMG-20230422-WA0031-1536x1152.jpg 1536w, https:\/\/www.latroupelegendes.com\/wp-content\/uploads\/2024\/12\/IMG-20230422-WA0031.jpg 1600w\" sizes=\"auto, (max-width: 1024px) 100vw, 1024px\" \/><\/figure>\n\n\n\n<figure class=\"wp-block-image size-large\"><img loading=\"lazy\" decoding=\"async\" width=\"768\" height=\"1024\" data-id=\"438\" src=\"http:\/\/www.latroupelegendes.com\/wp-content\/uploads\/2024\/12\/IMG-20230422-WA0032-768x1024.jpg\" alt=\"\" class=\"wp-image-438\" srcset=\"https:\/\/www.latroupelegendes.com\/wp-content\/uploads\/2024\/12\/IMG-20230422-WA0032-768x1024.jpg 768w, https:\/\/www.latroupelegendes.com\/wp-content\/uploads\/2024\/12\/IMG-20230422-WA0032-225x300.jpg 225w, https:\/\/www.latroupelegendes.com\/wp-content\/uploads\/2024\/12\/IMG-20230422-WA0032-1152x1536.jpg 1152w, https:\/\/www.latroupelegendes.com\/wp-content\/uploads\/2024\/12\/IMG-20230422-WA0032.jpg 1200w\" sizes=\"auto, (max-width: 768px) 100vw, 768px\" \/><\/figure>\n\n\n\n<figure class=\"wp-block-image size-large\"><img loading=\"lazy\" decoding=\"async\" width=\"1024\" height=\"683\" data-id=\"443\" src=\"http:\/\/www.latroupelegendes.com\/wp-content\/uploads\/2024\/12\/IMG-20230422-WA0044-1-1024x683.jpg\" alt=\"\" class=\"wp-image-443\" srcset=\"https:\/\/www.latroupelegendes.com\/wp-content\/uploads\/2024\/12\/IMG-20230422-WA0044-1-1024x683.jpg 1024w, https:\/\/www.latroupelegendes.com\/wp-content\/uploads\/2024\/12\/IMG-20230422-WA0044-1-300x200.jpg 300w, https:\/\/www.latroupelegendes.com\/wp-content\/uploads\/2024\/12\/IMG-20230422-WA0044-1-768x512.jpg 768w, https:\/\/www.latroupelegendes.com\/wp-content\/uploads\/2024\/12\/IMG-20230422-WA0044-1-1536x1024.jpg 1536w, https:\/\/www.latroupelegendes.com\/wp-content\/uploads\/2024\/12\/IMG-20230422-WA0044-1.jpg 1599w\" sizes=\"auto, (max-width: 1024px) 100vw, 1024px\" \/><\/figure>\n\n\n\n<figure class=\"wp-block-image size-large\"><img loading=\"lazy\" decoding=\"async\" width=\"1024\" height=\"768\" data-id=\"441\" src=\"http:\/\/www.latroupelegendes.com\/wp-content\/uploads\/2024\/12\/IMG-20230424-WA0013-1-1024x768.jpg\" alt=\"\" class=\"wp-image-441\" srcset=\"https:\/\/www.latroupelegendes.com\/wp-content\/uploads\/2024\/12\/IMG-20230424-WA0013-1-1024x768.jpg 1024w, https:\/\/www.latroupelegendes.com\/wp-content\/uploads\/2024\/12\/IMG-20230424-WA0013-1-300x225.jpg 300w, https:\/\/www.latroupelegendes.com\/wp-content\/uploads\/2024\/12\/IMG-20230424-WA0013-1-768x576.jpg 768w, https:\/\/www.latroupelegendes.com\/wp-content\/uploads\/2024\/12\/IMG-20230424-WA0013-1-1536x1152.jpg 1536w, https:\/\/www.latroupelegendes.com\/wp-content\/uploads\/2024\/12\/IMG-20230424-WA0013-1.jpg 2048w\" sizes=\"auto, (max-width: 1024px) 100vw, 1024px\" \/><\/figure>\n\n\n\n<figure class=\"wp-block-image size-large\"><img loading=\"lazy\" decoding=\"async\" width=\"1024\" height=\"768\" data-id=\"442\" src=\"http:\/\/www.latroupelegendes.com\/wp-content\/uploads\/2024\/12\/IMG-20230424-WA0016-1024x768.jpg\" alt=\"\" class=\"wp-image-442\" srcset=\"https:\/\/www.latroupelegendes.com\/wp-content\/uploads\/2024\/12\/IMG-20230424-WA0016-1024x768.jpg 1024w, https:\/\/www.latroupelegendes.com\/wp-content\/uploads\/2024\/12\/IMG-20230424-WA0016-300x225.jpg 300w, https:\/\/www.latroupelegendes.com\/wp-content\/uploads\/2024\/12\/IMG-20230424-WA0016-768x576.jpg 768w, https:\/\/www.latroupelegendes.com\/wp-content\/uploads\/2024\/12\/IMG-20230424-WA0016-1536x1152.jpg 1536w, https:\/\/www.latroupelegendes.com\/wp-content\/uploads\/2024\/12\/IMG-20230424-WA0016.jpg 2048w\" sizes=\"auto, (max-width: 1024px) 100vw, 1024px\" \/><\/figure>\n\n\n\n<figure class=\"wp-block-image size-large\"><img loading=\"lazy\" decoding=\"async\" width=\"576\" height=\"1024\" data-id=\"444\" src=\"http:\/\/www.latroupelegendes.com\/wp-content\/uploads\/2024\/12\/IMG-20230624-WA0004-576x1024.jpg\" alt=\"\" class=\"wp-image-444\" srcset=\"https:\/\/www.latroupelegendes.com\/wp-content\/uploads\/2024\/12\/IMG-20230624-WA0004-576x1024.jpg 576w, https:\/\/www.latroupelegendes.com\/wp-content\/uploads\/2024\/12\/IMG-20230624-WA0004-169x300.jpg 169w, https:\/\/www.latroupelegendes.com\/wp-content\/uploads\/2024\/12\/IMG-20230624-WA0004-768x1365.jpg 768w, https:\/\/www.latroupelegendes.com\/wp-content\/uploads\/2024\/12\/IMG-20230624-WA0004-864x1536.jpg 864w, https:\/\/www.latroupelegendes.com\/wp-content\/uploads\/2024\/12\/IMG-20230624-WA0004.jpg 900w\" sizes=\"auto, (max-width: 576px) 100vw, 576px\" \/><\/figure>\n\n\n\n<figure class=\"wp-block-image size-large\"><img loading=\"lazy\" decoding=\"async\" width=\"576\" height=\"1024\" data-id=\"445\" src=\"http:\/\/www.latroupelegendes.com\/wp-content\/uploads\/2024\/12\/IMG-20230624-WA0007-1-576x1024.jpg\" alt=\"\" class=\"wp-image-445\" srcset=\"https:\/\/www.latroupelegendes.com\/wp-content\/uploads\/2024\/12\/IMG-20230624-WA0007-1-576x1024.jpg 576w, https:\/\/www.latroupelegendes.com\/wp-content\/uploads\/2024\/12\/IMG-20230624-WA0007-1-169x300.jpg 169w, https:\/\/www.latroupelegendes.com\/wp-content\/uploads\/2024\/12\/IMG-20230624-WA0007-1-768x1365.jpg 768w, https:\/\/www.latroupelegendes.com\/wp-content\/uploads\/2024\/12\/IMG-20230624-WA0007-1-864x1536.jpg 864w, https:\/\/www.latroupelegendes.com\/wp-content\/uploads\/2024\/12\/IMG-20230624-WA0007-1.jpg 900w\" sizes=\"auto, (max-width: 576px) 100vw, 576px\" \/><\/figure>\n\n\n\n<figure class=\"wp-block-image size-large\"><img loading=\"lazy\" decoding=\"async\" width=\"1024\" height=\"682\" data-id=\"446\" src=\"http:\/\/www.latroupelegendes.com\/wp-content\/uploads\/2024\/12\/IMG-20230626-WA0001-1024x682.jpg\" alt=\"\" class=\"wp-image-446\" srcset=\"https:\/\/www.latroupelegendes.com\/wp-content\/uploads\/2024\/12\/IMG-20230626-WA0001-1024x682.jpg 1024w, https:\/\/www.latroupelegendes.com\/wp-content\/uploads\/2024\/12\/IMG-20230626-WA0001-300x200.jpg 300w, https:\/\/www.latroupelegendes.com\/wp-content\/uploads\/2024\/12\/IMG-20230626-WA0001-768x512.jpg 768w, https:\/\/www.latroupelegendes.com\/wp-content\/uploads\/2024\/12\/IMG-20230626-WA0001-1536x1023.jpg 1536w, https:\/\/www.latroupelegendes.com\/wp-content\/uploads\/2024\/12\/IMG-20230626-WA0001.jpg 1600w\" sizes=\"auto, (max-width: 1024px) 100vw, 1024px\" \/><\/figure>\n<\/figure>\n","protected":false},"excerpt":{"rendered":"<p>Une ambiance de savane, un m\u00e9lange de sonorit\u00e9s africaines, une mise en sc\u00e8ne po\u00e9tique. Un message de paix et de libert\u00e9. Une mise en sc\u00e8ne de costumes noirs, simple et de robes drap\u00e9es, aux impressionnants maquillages de f\u00e9lins tr\u00e8s artistiques. Un vrai tableau vivant. Son originalit\u00e9, sa mise en sc\u00e8ne po\u00e9tique, un v\u00e9ritable tableau vivant. &hellip;<\/p>\n<p class=\"read-more\"> <a class=\"\" href=\"https:\/\/www.latroupelegendes.com\/index.php\/spectacle-2023-lions\/\"> <span class=\"screen-reader-text\">Spectacle 2023 &#8211; Lions<\/span> Read More &raquo;<\/a><\/p>\n","protected":false},"author":1,"featured_media":0,"parent":0,"menu_order":0,"comment_status":"closed","ping_status":"closed","template":"","meta":{"site-sidebar-layout":"default","site-content-layout":"","ast-site-content-layout":"","site-content-style":"default","site-sidebar-style":"default","ast-global-header-display":"","ast-banner-title-visibility":"","ast-main-header-display":"","ast-hfb-above-header-display":"","ast-hfb-below-header-display":"","ast-hfb-mobile-header-display":"","site-post-title":"","ast-breadcrumbs-content":"","ast-featured-img":"","footer-sml-layout":"","theme-transparent-header-meta":"","adv-header-id-meta":"","stick-header-meta":"","header-above-stick-meta":"","header-main-stick-meta":"","header-below-stick-meta":"","astra-migrate-meta-layouts":"","ast-page-background-enabled":"default","ast-page-background-meta":{"desktop":{"background-color":"var(--ast-global-color-4)","background-image":"","background-repeat":"repeat","background-position":"center center","background-size":"auto","background-attachment":"scroll","background-type":"","background-media":"","overlay-type":"","overlay-color":"","overlay-gradient":""},"tablet":{"background-color":"","background-image":"","background-repeat":"repeat","background-position":"center center","background-size":"auto","background-attachment":"scroll","background-type":"","background-media":"","overlay-type":"","overlay-color":"","overlay-gradient":""},"mobile":{"background-color":"","background-image":"","background-repeat":"repeat","background-position":"center center","background-size":"auto","background-attachment":"scroll","background-type":"","background-media":"","overlay-type":"","overlay-color":"","overlay-gradient":""}},"ast-content-background-meta":{"desktop":{"background-color":"var(--ast-global-color-5)","background-image":"","background-repeat":"repeat","background-position":"center center","background-size":"auto","background-attachment":"scroll","background-type":"","background-media":"","overlay-type":"","overlay-color":"","overlay-gradient":""},"tablet":{"background-color":"var(--ast-global-color-5)","background-image":"","background-repeat":"repeat","background-position":"center center","background-size":"auto","background-attachment":"scroll","background-type":"","background-media":"","overlay-type":"","overlay-color":"","overlay-gradient":""},"mobile":{"background-color":"var(--ast-global-color-5)","background-image":"","background-repeat":"repeat","background-position":"center center","background-size":"auto","background-attachment":"scroll","background-type":"","background-media":"","overlay-type":"","overlay-color":"","overlay-gradient":""}},"footnotes":""},"class_list":["post-434","page","type-page","status-publish","hentry"],"_links":{"self":[{"href":"https:\/\/www.latroupelegendes.com\/index.php\/wp-json\/wp\/v2\/pages\/434","targetHints":{"allow":["GET"]}}],"collection":[{"href":"https:\/\/www.latroupelegendes.com\/index.php\/wp-json\/wp\/v2\/pages"}],"about":[{"href":"https:\/\/www.latroupelegendes.com\/index.php\/wp-json\/wp\/v2\/types\/page"}],"author":[{"embeddable":true,"href":"https:\/\/www.latroupelegendes.com\/index.php\/wp-json\/wp\/v2\/users\/1"}],"replies":[{"embeddable":true,"href":"https:\/\/www.latroupelegendes.com\/index.php\/wp-json\/wp\/v2\/comments?post=434"}],"version-history":[{"count":3,"href":"https:\/\/www.latroupelegendes.com\/index.php\/wp-json\/wp\/v2\/pages\/434\/revisions"}],"predecessor-version":[{"id":526,"href":"https:\/\/www.latroupelegendes.com\/index.php\/wp-json\/wp\/v2\/pages\/434\/revisions\/526"}],"wp:attachment":[{"href":"https:\/\/www.latroupelegendes.com\/index.php\/wp-json\/wp\/v2\/media?parent=434"}],"curies":[{"name":"wp","href":"https:\/\/api.w.org\/{rel}","templated":true}]}}